et i be (-21)/(105/(-230))*1/2. Calculate the greatest common factor of y and i.
23
Suppose 19*o = -14332 + 170512. Calculate the greatest common factor of o and 45.
15
Suppose -4*c = -3*s + 166, 0 = -4*s - s + 4*c + 266. Suppose 2*u = -6*v + 11*v - 42, 2*v = u + 16. Calculate the highest common divisor of v and s.
10
Let s = -444 + 544. Suppose 8*p = 292 - s. Calculate the highest common divisor of p and 32.
8
Let n be -9 + 6 + -1 + -73. Let o(v) = 46*v - 68. Let y be o(4). Let x = n + y. Calculate the greatest common factor of 39 and x.
39
Let k = -154 + 155. Suppose 7 - k = 2*o. Calculate the highest common divisor of 84 and o.
3
Suppose 7*m = 77 + 161. Suppose 95 = 12*x - 7*x. Suppose -3*r - x = -m. Calculate the highest common factor of r and 3.
1
Suppose -9 = -2*k - 5. Suppose -k*p = -6*p + 216. Calculate the greatest common divisor of p and 126.
18
Suppose -4*l - 294 = -6*l. Let y = -87 + l. Suppose 0 = 3*z - 5*z + 30. Calculate the highest common divisor of z and y.
15
Let l be 22/2 + 24/(-3). Let p(f) = 0 + 7 + f**3 - 3*f**2 - 3. Let n be p(l). Calculate the greatest common factor of n and 10.
2
Suppose -5*o + 95 = 5*x, -74*x + 24 = -78*x. Calculate the greatest common factor of o and 6575.
25
Let s(u) = -16*u - 84. Suppose x = -0*x - 4, 0 = -6*g - 2*x - 62. Let d be s(g). What is the highest common factor of 12 and d?
12
Suppose 4*x - 112 - 248 = -3*k, 0 = -3*x + 2*k + 270. Let w = -16 - -34. Calculate the highest common divisor of x and w.
18
Suppose -105*x + 53*x = -7956. What is the greatest common divisor of x and 2550?
51
Let o = 68 + 1073. What is the highest common factor of 14 and o?
7
Suppose 409*i - 412*i - 4*x + 29370 = 0, 0 = -3*i + 3*x + 29391. What is the greatest common factor of 166 and i?
166
Let o = 5 + -2. Suppose 4*l = -y + 49 + 1, -o*y - 3*l = -159. Let n = 4586 + -4154. What is the highest common divisor of y and n?
54
Suppose -3*c + 339 = -4*z, -4*c - 3*z + 468 - 66 = 0. Let s(g) = g**2 + g + 3. Let m be s(-4). Calculate the greatest common factor of m and c.
15
Let t(p) = -18*p + 164. Let y be t(9). Suppose u - 15 = -y*u, -3*x - u = -1265. What is the highest common factor of x and 21?
21
Suppose -7*p = -3*p - 20. Suppose p*l - l - 104 = 0. Suppose 49 = 3*o - 29. What is the highest common factor of o and l?
26
Let k = -504 + 992. What is the greatest common factor of 366 and k?
122
Let m(q) = -10*q + 316. Let d(x) = 3*x**2 - 5*x - 2. Let z be d(4). Let g be m(z). What is the highest common divisor of g and 40?
8
Let v = 231 - -81. Suppose 9*l - 11*l + v = 0. What is the highest common factor of l and 52?
52
Let h be (15/(-5) - -4)*5. Suppose 15 = -h*b, 3*a - 4*b - 171 = b. What is the greatest common factor of a and 12?
4
Suppose -256*r + 24054 = 3830. Let c be (-77 + -2)*-1*4. Calculate the greatest common factor of r and c.
79
Let u = -39 + 51. Suppose -4*a = 4*q + u, a + 8 = -3*q - 5. Suppose -a*n - 15 = -3*n. What is the greatest common divisor of n and 15?
15
Let x(k) = -k**2 - 9*k - 18. Let m be x(-2). Let u be 112/49 + m/14. Let l(g) = -21*g**3 + g. Let j be l(-1). Calculate the highest common factor of u and j.
2
Let f be -4*1/((-4)/46). Let z = f - 29. Let a = 44 - z. Calculate the greatest common factor of a and 81.
27
Let m(z) be the third derivative of -14*z**2 - 7/24*z**4 + 19/6*z**3 + 0*z + 0. Let t be m(-18). What is the greatest common divisor of 29 and t?
29
Suppose -60*h = -a - 61*h + 3264, 0 = -5*a + 4*h + 16248. Calculate the highest common divisor of a and 37.
37
Suppose 63 = 8324*b - 8315*b. Suppose 5*q + 9 + 1 = 0, 5*c - 2*q = 389. Calculate the greatest common factor of b and c.
7
Suppose 2*x = -3*h + 2809, 24*h - 9 = 21*h. Calculate the highest common factor of 2 and x.
2
Let v(z) = -z**3 + 5*z**2 + z - 8. Let q be v(5). Let g be (2 - q)/(1/12). Suppose 7*s = -3*s + g. Calculate the greatest common divisor of s and 42.
6
Suppose -645 = -13*c + 1217 + 1999. What is the greatest common divisor of c and 253?
11
Let l(r) = 5*r**2 - 28*r - 8. Let w be l(6). Suppose w*y + 554 = 658. What is the highest common divisor of y and 169?
13
Suppose -55 = -3*c + 3*l + 71, 0 = -c - 2*l + 33. Let a = 0 - -13. What is the greatest common factor of a and c?
13
Suppose -p + 372 = 2*p. Let s be (-7854)/(-44)*5/(-15)*2. Let m = p + s. What is the greatest common factor of 105 and m?
5
Let x = 92 + -90. Let t be ((-40)/(-6))/(x/60*-4). Let w = t - -89. What is the highest common divisor of 117 and w?
39
Let a(q) = q**2 + 22*q + 87. Let s be a(-18). Let u(j) = j**2 - 7*j - 51. Let b be u(s). Calculate the greatest common divisor of 368 and b.
23
Suppose -111 - 199 = 604*a - 635*a. Calculate the highest common divisor of a and 1475.
5
Let c = -171 - -426. Let j be 429 - (1 - 0 - -8) - -5. Calculate the highest common factor of c and j.
85
Let m be (-16)/10*(4 - -1). Let z = m + 11. Suppose -27*a + 6 = -26*a. Calculate the highest common factor of a and z.
3
Suppose 0*u + 504 = 6*u. Suppose -u = -3*a - 4*a. Suppose 2*z - 45 + 21 = 0. What is the highest common divisor of a and z?
12
Let t be 16 + -1 + -8 + 47. Suppose -3*k + 2*h + 469 - t = 0, k + 3*h - 120 = 0. What is the greatest common factor of 3 and k?
3
Let q(f) = 1781*f**2 - 22*f + 22. Let h be q(1). Calculate the highest common factor of h and 52.
13
Let g be (-110)/2*(-20)/(-4). Let c = -160 - g. Let q = 88 + -42. Calculate the highest common factor of c and q.
23
Let u(a) = -521*a + 298. Let t be u(-6). What is the greatest common factor of 256 and t?
32
Let f = 846 - 837. Suppose -23*t - f*t = -6720. What is the greatest common divisor of 168 and t?
42
Let o(t) = 4*t**3 - 26*t + 6 + 26 - 18*t**2 + 5*t**2 - 3*t**3. Let f be o(16). What is the greatest common divisor of f and 24?
24
Suppose 148*n - 1753 - 373 - 242 = 0. What is the highest common divisor of 340 and n?
4
Let n(x) = 9*x + 175. Let l be n(-15). Let r = 51 - l. What is the highest common factor of r and 803?
11
Let m(g) be the third derivative of -2*g**4 + 22*g**3/3 - 93*g**2. Let s be m(0). What is the greatest common factor of 352 and s?
44
Let x be (48214/(-12) + (-50)/60)/((-2)/6). What is the highest common divisor of x and 132?
44
Let q = 66 + 17. Let c(h) = 4*h**2 + 8*h + 2. Let l be c(-5). Let x = q - l. What is the highest common divisor of 147 and x?
21
Let m(v) = -9*v - 12. Let c be (-2 - -1)*12/4. Let l be m(c). Suppose -79*s = -84*s + l. Calculate the highest common divisor of 3 and s.
3
Suppose 3*a - 442 = -n, -3*n = -5*a + 2*n + 770. Suppose 419 = r + a. Calculate the greatest common divisor of 30 and r.
30
Let a be ((-56)/154 - (-442)/187)*11/2. What is the highest common divisor of 10384 and a?
11
Suppose 4*p - 1 = 3. Let w be (p/1)/(-1) - -33. Suppose 4*n - 42 - 22 = 0. What is the highest common factor of w and n?
16
Let r(s) = -2*s**3 + 6*s**2 - 10*s - 13. Let i be r(-3). Let x = -110 + i. What is the highest common divisor of x and 120?
15
Suppose -l + 24 = 11*a - 8*a, 0 = 3*l + 5*a - 96. What is the highest common factor of l and 5362?
14
Suppose 3*i - i - 30 = 0. Suppose -5*j = -5*u - 8*j + 1695, 4*u = j + 1356. Let v = 444 - u. What is the greatest common divisor of i and v?
15
Let t(a) = a + 1. Let j be t(-13). Let l = j - -16. Suppose 0 = -5*i + 2*i - 4*d + 28, d + 12 = l*i. Calculate the greatest common divisor of i and 12.
4
Suppose 0*q + 9344 = 4*q + 488. What is the highest common factor of q and 12?
6
Let g(y) = -3*y**2 - 2*y - 18. Let t be g(-6). Let o be (0 - t/5) + (-20)/(-100). Calculate the highest common divisor of o and 460.
23
Suppose 42*v - 52*v + 2760 = 0. What is the greatest common factor of v and 966?
138
Let s(x) = -x**3 - 10*x**2 - 8*x + 12. Let z be s(-9). Let k be (0 + z)*196/(-21). Let b = 98 + k. Calculate the highest common factor of b and 10.
10
Suppose r + u = 1260 - 328, -r - 3*u = -918. Calculate the greatest common divisor of r and 17215.
313
Suppose 5*t + 4*l - 1750 = 0, -15*l + 700 = 2*t - 20*l. Calculate the highest common factor of t and 56.
14
Suppose 1025 = 5*n + 2*p, -n + p = 6*p - 182. Suppose -220 + n = -c. Let w = -106 - -171. What is the highest common divisor of c and w?
13
Let g = 14 - 2. Let c be ((-6)/8)/((-84)/90048). What is the greatest common factor of c and g?
12
Let a be (-9)/((-4 + 0)*(-6)/32). Let h be (